{"id":2036,"date":"2026-04-20T07:52:26","date_gmt":"2026-04-20T05:52:26","guid":{"rendered":"https:\/\/truecolors.hr\/?post_type=product&#038;p=2036"},"modified":"2026-04-20T12:25:10","modified_gmt":"2026-04-20T10:25:10","slug":"dozivi-urbanovo","status":"publish","type":"product","link":"https:\/\/truecolors.hr\/hu\/product\/dozivi-urbanovo\/","title":{"rendered":"Ismerje meg az Urbanov\u00f3t"},"content":{"rendered":"<p>Az Urbanovo nem csup\u00e1n egy borfesztiv\u00e1l \u2013 hanem Me\u0111imurje legszebb arc\u00e1t bemutat\u00f3 \u00e9lm\u00e9ny.<br \/>\nA program \u00c9szak-Horv\u00e1torsz\u00e1g egyik legszebb kil\u00e1t\u00f3pontj\u00e1n, Ma\u0111erkin Bregi-n kezd\u0151dik, ahonnan panor\u00e1m\u00e1s kil\u00e1t\u00e1s ny\u00edlik a sz\u0151l\u0151\u00fcltetv\u00e9nyekre \u00e9s a k\u00f6rnyez\u0151 vid\u00e9kre. Ezut\u00e1n a Mura foly\u00f3 ment\u00e9n a hagyom\u00e1nyokkal ismerked\u00fcnk meg: megismerhetj\u00fck egy malomgazda \u00e9let\u00e9t, \u00e9s \u00e1tkel\u00fcnk a komppal.<br \/>\nEgy kiv\u00e1lasztott \u00e9tteremben elt\u00f6lt\u00f6tt kellemes eb\u00e9d ut\u00e1n a program a bor jegy\u00e9ben folytat\u00f3dik \u2013 a Pu\u0161ipel Fesztiv\u00e1lon, ahol gazdag borv\u00e1laszt\u00e9k, helyi term\u00e9kek \u00e9s bor\u00e1szokkal val\u00f3 tal\u00e1lkoz\u00e1sok v\u00e1rj\u00e1k az \u00e9rdekl\u0151d\u0151ket.<br \/>\nAz \u00e9lm\u00e9nyt a World Pu\u0161ipel Centre l\u00e1togat\u00e1sa, valamint egy zenei \u00e9s boros est az Urbanovo ut\u00e1ni bulin teszi teljess\u00e9.<\/p>\n<p>&nbsp;<\/p>\n<table>\n<tbody>\n<tr>\n<th>Mit tartalmaz a csomag?<\/th>\n<th>Mi nem tartozik a csomagba?<\/th>\n<\/tr>\n<tr>\n<td>\n<ul>\n<li>L\u00e1togat\u00e1s a Ma\u0111erkin Breg kil\u00e1t\u00f3ponthoz<\/li>\n<li>L\u00e1togat\u00e1s a Mlin na Muri L\u00e1togat\u00f3k\u00f6zpontban (bele\u00e9rtve a n\u00e9prajzi gy\u0171jtem\u00e9nyt \u00e9s egy tutajutaz\u00e1st)<\/li>\n<li>Szervezett eb\u00e9d (2 f\u00e9le h\u00fas\u00e9tel, 2 f\u00e9le k\u00f6ret, sal\u00e1ta \u00e9s desszert \u2013 italok n\u00e9lk\u00fcl)<\/li>\n<li>A Pu\u0161ipel Fesztiv\u00e1l bej\u00e1rata<\/li>\n<li>L\u00e1togat\u00e1s a Pu\u0161ipel Vil\u00e1gk\u00f6zpontban<\/li>\n<li>Urban ut\u00e1ni bulija<\/li>\n<\/ul>\n<\/td>\n<td>\n<ul>\n<li>Igy\u00e1l az eb\u00e9dhez<\/li>\n<li>Sz\u00e1ll\u00edt\u00e1s<\/li>\n<li>\u00datmutat\u00f3 (opcion\u00e1lis)<\/li>\n<li>Mi nem tartozik az \u201cAz \u00e1r tartalmazza\u201d pont al\u00e1\u201d<\/li>\n<li>Szem\u00e9lyes fogyaszt\u00e1s<\/li>\n<\/ul>\n<\/td>\n<\/tr>\n<\/tbody>\n<\/table>\n<p><b>Mi\u00e9rt \u00e9rdemes ezt a m\u0171helymunk\u00e1t v\u00e1lasztani?<\/b><\/p>\n<ul>\n<li style=\"font-weight: 400;\" aria-level=\"1\"><span style=\"font-weight: 400;\">A me\u0111imurjei konyha felfedez\u00e9se<\/span><\/li>\n<li style=\"font-weight: 400;\" aria-level=\"1\"><span style=\"font-weight: 400;\">f\u0151z\u00e9s kis l\u00e9tsz\u00e1m\u00fa csoportban<\/span><\/li>\n<li style=\"font-weight: 400;\" aria-level=\"1\"><span style=\"font-weight: 400;\">Helyi \u00e9s szezon\u00e1lis term\u00e9kek<\/span><\/li>\n<li style=\"font-weight: 400;\" aria-level=\"1\"><span style=\"font-weight: 400;\">A hagyom\u00e1nyos konyha egyed\u00fcl\u00e1ll\u00f3 \u00e9lm\u00e9nye<\/span><\/li>\n<\/ul>","protected":false},"excerpt":{"rendered":"<p><strong>Term\u00e9szet \u2022 Hagyom\u00e1ny \u2022 Gasztron\u00f3mia \u2022 Kiv\u00e1l\u00f3 borok<\/strong><\/p>\n<p>Fedezze fel Me\u0111imurje legszebb oldal\u00e1t a l\u00e1tv\u00e1nyos kil\u00e1t\u00e1sok, az autentikus kultur\u00e1lis \u00f6r\u00f6ks\u00e9g \u00e9s a kiv\u00e1l\u00f3 bor\u00e9lm\u00e9ny \u00f6tv\u00f6zet\u00e9vel a h\u00edres Urbanovo fesztiv\u00e1lon.<\/p>\n<h3>\ud83d\udccd Helysz\u00edn<\/h3>\n<p>\u0160trigova Kultur\u00e1lis K\u00f6zpont, Me\u0111imurje, Horv\u00e1torsz\u00e1g<\/p>\n<h3>\ud83d\udcc5 D\u00e1tum<\/h3>\n<p>15.05. \u2013 17.05.2026.<\/p>\n<h3>\ud83d\udc65 Minim\u00e1lis l\u00e9tsz\u00e1m<\/h3>\n<p>15<\/p>\n<p>&nbsp;<\/p>","protected":false},"featured_media":2037,"comment_status":"open","ping_status":"closed","template":"","meta":[],"product_brand":[],"product_cat":[42],"product_tag":[],"class_list":{"0":"post-2036","1":"product","2":"type-product","3":"status-publish","4":"has-post-thumbnail","6":"product_cat-teambuilding-dozivljaji","8":"first","9":"instock","10":"virtual","11":"purchasable","12":"product-type-simple"},"_links":{"self":[{"href":"https:\/\/truecolors.hr\/hu\/wp-json\/wp\/v2\/product\/2036","targetHints":{"allow":["GET"]}}],"collection":[{"href":"https:\/\/truecolors.hr\/hu\/wp-json\/wp\/v2\/product"}],"about":[{"href":"https:\/\/truecolors.hr\/hu\/wp-json\/wp\/v2\/types\/product"}],"replies":[{"embeddable":true,"href":"https:\/\/truecolors.hr\/hu\/wp-json\/wp\/v2\/comments?post=2036"}],"wp:featuredmedia":[{"embeddable":true,"href":"https:\/\/truecolors.hr\/hu\/wp-json\/wp\/v2\/media\/2037"}],"wp:attachment":[{"href":"https:\/\/truecolors.hr\/hu\/wp-json\/wp\/v2\/media?parent=2036"}],"wp:term":[{"taxonomy":"product_brand","embeddable":true,"href":"https:\/\/truecolors.hr\/hu\/wp-json\/wp\/v2\/product_brand?post=2036"},{"taxonomy":"product_cat","embeddable":true,"href":"https:\/\/truecolors.hr\/hu\/wp-json\/wp\/v2\/product_cat?post=2036"},{"taxonomy":"product_tag","embeddable":true,"href":"https:\/\/truecolors.hr\/hu\/wp-json\/wp\/v2\/product_tag?post=2036"}],"curies":[{"name":"wp","href":"https:\/\/api.w.org\/{rel}","templated":true}]}}

Ismerje meg az Urbanovót

<p>Az Urbanovo nem csupán egy borfesztivál – hanem Međimurje legszebb arcát bemutató élmény.<br />
A program Észak-Horvátország egyik legszebb kilátópontján, Mađerkin Bregi-n kezdődik, ahonnan panorámás kilátás nyílik a szőlőültetvényekre és a környező vidékre. Ezután a Mura folyó mentén a hagyományokkal ismerkedünk meg: megismerhetjük egy malomgazda életét, és átkelünk a komppal.<br />
Egy kiválasztott étteremben eltöltött kellemes ebéd után a program a bor jegyében folytatódik – a Pušipel Fesztiválon, ahol gazdag borválaszték, helyi termékek és borászokkal való találkozások várják az érdeklődőket.<br />
Az élményt a World Pušipel Centre látogatása, valamint egy zenei és boros est az Urbanovo utáni bulin teszi teljessé.</p>
<p>&nbsp;</p>
<table>
<tbody>
<tr>
<th>Mit tartalmaz a csomag?</th>
<th>Mi nem tartozik a csomagba?</th>
</tr>
<tr>
<td>
<ul>
<li>Látogatás a Mađerkin Breg kilátóponthoz</li>
<li>Látogatás a Mlin na Muri Látogatóközpontban (beleértve a néprajzi gyűjteményt és egy tutajutazást)</li>
<li>Szervezett ebéd (2 féle húsétel, 2 féle köret, saláta és desszert – italok nélkül)</li>
<li>A Pušipel Fesztivál bejárata</li>
<li>Látogatás a Pušipel Világközpontban</li>
<li>Urban utáni bulija</li>
</ul>
</td>
<td>
<ul>
<li>Igyál az ebédhez</li>
<li>Szállítás</li>
<li>Útmutató (opcionális)</li>
<li>Mi nem tartozik az “Az ár tartalmazza” pont alá”</li>
<li>Személyes fogyasztás</li>
</ul>
</td>
</tr>
</tbody>
</table>
<p><b>Miért érdemes ezt a műhelymunkát választani?</b></p>
<ul>
<li style="font-weight: 400;" aria-level="1"><span style="font-weight: 400;">A međimurjei konyha felfedezése</span></li>
<li style="font-weight: 400;" aria-level="1"><span style="font-weight: 400;">főzés kis létszámú csoportban</span></li>
<li style="font-weight: 400;" aria-level="1"><span style="font-weight: 400;">Helyi és szezonális termékek</span></li>
<li style="font-weight: 400;" aria-level="1"><span style="font-weight: 400;">A hagyományos konyha egyedülálló élménye</span></li>
</ul>

<p><strong>Természet • Hagyomány • Gasztronómia • Kiváló borok</strong></p>
<p>Fedezze fel Međimurje legszebb oldalát a látványos kilátások, az autentikus kulturális örökség és a kiváló borélmény ötvözetével a híres Urbanovo fesztiválon.</p>
<h3>📍 Helyszín</h3>
<p>Štrigova Kulturális Központ, Međimurje, Horvátország</p>
<h3>📅 Dátum</h3>
<p>15.05. – 17.05.2026.</p>
<h3>👥 Minimális létszám</h3>
<p>15</p>
<p>&nbsp;</p>
